{"id":65,"date":"2023-05-05T15:16:43","date_gmt":"2023-05-05T13:16:43","guid":{"rendered":"http:\/\/uppik.fr\/?page_id=65"},"modified":"2024-01-29T23:18:01","modified_gmt":"2024-01-29T22:18:01","slug":"notre-histoire","status":"publish","type":"page","link":"https:\/\/uppik.fr\/index.php\/notre-histoire\/","title":{"rendered":"Notre Histoire"},"content":{"rendered":"\t\t<div data-elementor-type=\"wp-page\" data-elementor-id=\"65\" class=\"elementor elementor-65\" data-elementor-post-type=\"page\">\n\t\t\t\t\t\t<section class=\"elementor-section elementor-top-section elementor-element elementor-element-9640e82 elementor-section-boxed elementor-section-height-default elementor-section-height-default\" data-id=\"9640e82\" data-element_type=\"section\">\n\t\t\t\t\t\t<div class=\"elementor-container elementor-column-gap-default\">\n\t\t\t\t\t<div class=\"elementor-column elementor-col-100 elementor-top-column elementor-element elementor-element-523c1a4\" data-id=\"523c1a4\" data-element_type=\"column\">\n\t\t\t<div class=\"elementor-widget-wrap elementor-element-populated\">\n\t\t\t\t\t\t<div class=\"elementor-element elementor-element-ffd4464 elementor-widget__width-initial elementor-widget elementor-widget-text-editor\" data-id=\"ffd4464\" data-element_type=\"widget\" data-widget_type=\"text-editor.default\">\n\t\t\t\t<div class=\"elementor-widget-container\">\n\t\t\t\t\t\t\t\t\t<p>Travailler dur pour \u00e9voluer professionnellement, faire du sport pour se maintenir en forme tout en gardant du temps pour soi et ses proches, ce n\u2019est pas toujours facile de tout accorder !<\/p><p>Pascal, le cr\u00e9ateur de la marque Uppik, le sait bien. Il combine beaucoup de casquettes \u00e0 la fois : p\u00e8re de famille, ami, directeur d\u2019entreprise, sportif, etc. Il conna\u00eet cette probl\u00e9matique de gestion du temps, mais ne veut surtout pas d\u00e9laisser le sport pour ses autres casquettes.\u00a0<\/p><p>\ud83e\udde0 Pourquoi ? Parce qu\u2019il a conscience que sans son activit\u00e9 sportive, sa passion de toujours : la course \u00e0 pied, sa sant\u00e9 mentale ne suivrait pas. Avec le temps, il s\u2019est rendu compte que les v\u00eatements de running propos\u00e9s dans le monde du sport n\u2019\u00e9taient pas pratiques. Ils ne permettaient pas de sortir courir \u00e0 n\u2019importe quelle heure de la journ\u00e9e car peu s\u00e9curisant ou encore n&#8217;offraient pas certaines fonctionnalit\u00e9s tr\u00e8s utiles.\u00a0<\/p><p>Si l\u2019on ajoute \u00e0 cela sa volont\u00e9 d\u2019acheter des v\u00eatements made in France et issus d\u2019une production responsable, la recherche est vite devenue impossible. \u26d4\ufe0f\u00a0<\/p><p>Pascal est aussi parti d\u2019un triste constat : <em><span style=\"text-decoration: underline;\">\u201cLe nombre de burn-out a augment\u00e9 de 25% entre 2021 et 2022.\u201d<\/span><\/em>\u00a0<\/p><p>Le running est une des pratiques les plus universelles et accessibles (partout, tout le temps, pour tout le monde). Il a envie d\u2019inciter les d\u00e9butant.e.s et interm\u00e9diaires \u00e0 courir, \u00e0 se d\u00e9penser pour leur sant\u00e9 physique et mentale.\u00a0<\/p><p>R\u00e9sultat \ud83d\udc49 Il d\u00e9cide de cr\u00e9er son entreprise, GammaO et SA marque de v\u00eatements de running adapt\u00e9s \u00e0 tous les niveaux.\u00a0<\/p><p>Il souhaite que chaque \u00e9quipement cr\u00e9\u00e9 soit pratique, durable et puisse assurer la s\u00e9curit\u00e9 de tous les runners et runneuses.\u00a0<\/p><h5><strong>La mission d\u2019Uppik ? \u00catre une marque au service du mieux-\u00eatre : te simplifier la vie et te permettre de ne penser \u00e0 rien d\u2019autre qu\u2019\u00e0 ta sortie running.\u00a0<\/strong><\/h5><p>Pour le lancement de son premier produit, Pascal a d\u00e9cid\u00e9 d\u2019opter pour une veste coupe-vent et une veste imperm\u00e9able\u00a0 r\u00e9unissant un concentr\u00e9 de technologie verte, fonctionnalit\u00e9s et choix techniques qui permettent \u00e0 la veste de r\u00e9pondre \u00e0 l\u2019ensemble des probl\u00e9matiques des coureurs et coureuses, mais pas que.\u00a0<\/p><h5><strong>Toutes les d\u00e9cisions prises permettent de r\u00e9pondre aux enjeux environnementaux et soci\u00e9taux actuels.\u00a0<\/strong><\/h5><p>Chaque choix strat\u00e9gique pris est dict\u00e9 par un seul et unique cr\u00e9do : \u00ab La technologie doit \u00eatre au service de la plan\u00e8te et des humains, et surtout pas l\u2019inverse. \u00bb.\u00a0<\/p><p>Tu l\u2019as compris, Uppik a \u00e9t\u00e9 cr\u00e9\u00e9 pour toi, en s\u2019adaptant compl\u00e8tement aux enjeux de nos jours pour un futur plus sain.<\/p><p data-block=\"true\" data-editor=\"1qpfg\" data-offset-key=\"c4u4v-0-0\">\u00a0<\/p>\t\t\t\t\t\t\t\t<\/div>\n\t\t\t\t<\/div>\n\t\t\t\t\t<\/div>\n\t\t<\/div>\n\t\t\t\t\t<\/div>\n\t\t<\/section>\n\t\t\t\t<\/div>\n\t\t","protected":false},"excerpt":{"rendered":"<p>Travailler dur pour \u00e9voluer professionnellement, faire du sport pour se maintenir en forme tout en gardant du temps pour soi et ses proches, ce n\u2019est [&#8230;]<\/p>\n","protected":false},"author":1,"featured_media":0,"parent":0,"menu_order":0,"comment_status":"closed","ping_status":"closed","template":"","meta":{"footnotes":""},"class_list":["post-65","page","type-page","status-publish","hentry"],"jetpack_sharing_enabled":true,"_links":{"self":[{"href":"https:\/\/uppik.fr\/index.php\/wp-json\/wp\/v2\/pages\/65","targetHints":{"allow":["GET"]}}],"collection":[{"href":"https:\/\/uppik.fr\/index.php\/wp-json\/wp\/v2\/pages"}],"about":[{"href":"https:\/\/uppik.fr\/index.php\/wp-json\/wp\/v2\/types\/page"}],"author":[{"embeddable":true,"href":"https:\/\/uppik.fr\/index.php\/wp-json\/wp\/v2\/users\/1"}],"replies":[{"embeddable":true,"href":"https:\/\/uppik.fr\/index.php\/wp-json\/wp\/v2\/comments?post=65"}],"version-history":[{"count":10,"href":"https:\/\/uppik.fr\/index.php\/wp-json\/wp\/v2\/pages\/65\/revisions"}],"predecessor-version":[{"id":496,"href":"https:\/\/uppik.fr\/index.php\/wp-json\/wp\/v2\/pages\/65\/revisions\/496"}],"wp:attachment":[{"href":"https:\/\/uppik.fr\/index.php\/wp-json\/wp\/v2\/media?parent=65"}],"curies":[{"name":"wp","href":"https:\/\/api.w.org\/{rel}","templated":true}]}}